ommon divisor of z and 14?
14
Let z = 43 + -31. Suppose d - z = -2*d. Suppose -56 = -5*c - 0*i - 2*i, 4*c = -4*i + 40. Calculate the highest common divisor of c and d.
4
Let q be (55/10 - 3)*10. Calculate the highest common divisor of q and 50.
25
Let r(p) = 6*p - 15. Let a be r(4). Suppose 5*b - 45 = 4*b. What is the highest common divisor of b and a?
9
Suppose -2*y - y + 30 = 5*t, 3*y - 27 = -4*t. Calculate the highest common divisor of t and 3.
3
Let s = 68 - 61. What is the highest common factor of 35 and s?
7
Let x(i) = i + 7. Let j be x(-4). Suppose 0 = 2*a - 1 - 5. Suppose -2*u + 0*y = a*y - 42, -74 = -3*u + y. What is the greatest common factor of u and j?
3
Let v be -2 + 6 - 2 - -4. Calculate the highest common divisor of 18 and v.
6
Let w = -18 + 52. Calculate the greatest common factor of 17 and w.
17
Suppose -2*d - 8 = 2*d. Let h be ((-9 - d)*14)/(-2). Let v be 2/9 - (-122)/18. Calculate the highest common factor of h and v.
7
Suppose 7*m = 2*m + 5*o + 40, 18 = 2*m - 3*o. Let v be -4*(-18)/15*5. Calculate the greatest common factor of v and m.
6
Suppose -20 - 20 = -5*b. What is the greatest common divisor of b and 24?
8
Let d(l) = -l + 2. Let n be d(-10). Suppose -2*y = 3*c - 42 - 4, c - 14 = -y. What is the greatest common divisor of n and c?
6
Suppose 0 = -5*t + 3*n + 765, 2*t - t + n = 145. Calculate the greatest common factor of t and 30.
30
Let h = 0 + 25. Suppose -h = -3*u - 7. Let j be (2 - 1)*7 + 2. Calculate the highest common divisor of u and j.
3
Suppose -5*o = -78 - 122. Let w(c) = 6 - 5*c**2 - 4 + c**3 + 3. Let h be w(5). What is the highest common factor of h and o?
5
Let h(n) = -n**3 - 7*n**2 - n + 2. Let a be h(-7). What is the highest common factor of 6 and a?
3
Let k = 20 + -8. Suppose 5*m - 2*m - k = 0. Let w(z) = 3*z**2 + 6*z - 1. Let y be w(-5). What is the greatest common factor of y and m?
4
Let m(j) = -j**3 - 5*j**2 + 8*j + 4. Let d be m(-6). Let h be ((-68)/3)/(d/12). Calculate the highest common divisor of 85 and h.
17
Suppose 4*i = -0*i + 2*g + 94, 0 = i + 2*g - 16. What is the highest common factor of i and 22?
22
Let b(n) = n**3 - n**2 + 3*n - 2. Let s be b(3). Suppose 0*h - h = -175. What is the greatest common factor of h and s?
25
Let h = 35 + -26. What is the highest common divisor of 1 and h?
1
Suppose 0 = u - 18 + 10. Let c be (((-144)/2)/1)/(-1). What is the greatest common divisor of u and c?
8
Suppose -19 = -5*z - 3*a, -a = -3*z - 7 + 24. What is the highest common divisor of 20 and z?
5
Let m(k) = k**3 + k + 245. Let a be m(0). Let c = -165 + a. What is the highest common divisor of 16 and c?
16
Suppose -5*q + 20 = -25. Calculate the highest common factor of q and 63.
9
Let n(x) = -x**2 + 11*x + 1. Let r be (2 - 5)/(3/(-10)). Let m be n(r). What is the greatest common divisor of 1 and m?
1
Let f be 3514/26 - (-10)/(-65). Calculate the greatest common factor of f and 54.
27
Let w(a) = a**2 - a + 5. Let x = -1 + 5. Let r be w(x). Let l = r - 7. What is the highest common divisor of 20 and l?
10
Let v = -7 + 12. Let m = 9 - v. Let l = 4 - 2. Calculate the highest common factor of l and m.
2
Let t be ((-10)/(-8) - 2)/((-1)/360). What is the highest common factor of 27 and t?
27
Let o(b) = 5*b**2 + b. Let u be o(-2). What is the highest common divisor of 27 and u?
9
Suppose -3*c + l + l = -48, -3*l = -3*c + 51. What is the greatest common divisor of 14 and c?
14
Let k be 2/(-4) - 141/(-2). Let j be -2*(-2)/(-4) - 8. Let i = j - -16. What is the highest common divisor of i and k?
7
Let d = -24 + 66. Suppose -3*c = c, -3*n = -c - d. Suppose -4*l + 2*y = -n, -2*l + 5*y - 7 = -6*l. What is the highest common factor of 21 and l?
3
Suppose 0 = -2*r - 5*q + 14, -2*r + 6*q - q + 54 = 0. What is the highest common divisor of r and 51?
17
Suppose -17 = -v + 10. Calculate the greatest common divisor of 3 and v.
3
Let z = 136 - 91. What is the highest common divisor of z and 5?
5
Suppose 0 = -5*q + 37 - 7. Let x(y) = -y**3 + 5*y**2 + 6*y + 6. Let p be x(q). What is the highest common divisor of 48 and p?
6
Let i = -3 - -6. Suppose 0 = 2*g - i*g + 8. Suppose -23 - 25 = -3*n. Calculate the greatest common divisor of g and n.
8
Suppose -5*m - 2*y + 2460 = 0, -m - m - 2*y = -978. Let p = m - 274. What is the greatest common divisor of 20 and p?
20
Suppose -5*t + 65 = 5*m, -5*m - 55 + 138 = -t. What is the greatest common factor of 24 and m?
8
Suppose 0 = -d + 2*q + 12, 2*q + 0 + 6 = -2*d. What is the highest common factor of 2 and d?
2
Let p(u) be the second derivative of u**4/12 - 5*u**3/6 + u**2 - 2*u. Let f be p(7). Let l = f - 4. What is the highest common divisor of l and 12?
12
Let b = -3 + 2. Let l be (-26 + 3/(-3))*b. Calculate the greatest common divisor of 9 and l.
9
Let z be (-20)/50 - 164/(-10). What is the greatest common factor of z and 4?
4
Let v = 2 - 0. Let w be (-2)/4 + 3/6. Let c = w + v. What is the highest common factor of c and 1?
1
Let l(d) = -d**3 - 7*d**2 + 11*d - 18. Let z be l(-9). What is the highest common divisor of 5 and z?
5
Let g be (-3)/((-2)/152*6). Let j = g - 23. What is the highest common factor of j and 135?
15
Let j(a) = 2*a + 28. Let v be j(-11). Calculate the highest common divisor of 54 and v.
6
Suppose -42*y + 40*y + 32 = 0. What is the greatest common divisor of 4 and y?
4
Suppose -3 = j - 4*j. Let g = 15 - 2. Let w = g + j. What is the greatest common divisor of w and 112?
14
Let m(d) = d**2 + 4*d - 3. Let z be m(-6). What is the greatest common factor of 63 and z?
9
Let t be 5/(1 - (-8)/(-12)). What is the greatest common divisor of 6 and t?
3
Suppose -2*r - 3*r = -55. Let a = 15 - 191. Let z be (a/40)/((-4)/10). What is the greatest common factor of r and z?
11
Let r(z) = 2*z**2 - 2*z - 4. Let n be r(-6). Suppose 1 - 11 = 2*h. Let g(j) = j**2 - j + 2. Let v be g(h). What is the greatest common divisor of n and v?
16
Let x(v) = -v + 8. Let c be 63/12 - (-2)/(-8). Let y be x(c). Suppose -3*p + y = -9. What is the greatest common divisor of p and 28?
4
Suppose -3*d + 5*w + 48 = 0, -6*w + w - 64 = -4*d. Let i(h) = -h**2 - 9*h + 4. Let z be i(-5). Let l = z - 8. What is the highest common divisor of l and d?
16
Let s = 178 + 144. What is the highest common divisor of 46 and s?
46
Let g = 127 - 115. What is the greatest common factor of 3 and g?
3
Suppose n + 3*i = -0*n - 12, 3*i = -15. Suppose -2*g - 2*o + 40 = 0, n*g - g - 5*o = 54. Calculate the highest common divisor of 242 and g.
22
Let i(v) = -v + 5. Let u(l) = l**2 + 2*l - 4. Let x be u(-4). Let j be i(x). Suppose -2*b = 3*b - 15. What is the highest common factor of b and j?
1
Let h = -7 - -4. Let v = 6 + h. What is the greatest common divisor of v and 15?
3
Let g be (-2981)/(-44) - (-2)/8. Calculate the highest common divisor of g and 34.
34
Suppose y - 94 = -22. Let h = 24 - 15. What is the greatest common factor of y and h?
9
Suppose 0 = 4*z + 2*c - 1330, -1327 = -4*z - 4*c - c. What is the highest common factor of 37 and z?
37
Let a(q) = 2*q + 4. Suppose 2*f + 5*x - 31 = 0, -3*x = 4*f - 13 - 14. Let j be a(f). Let v = 1 + j. Calculate the greatest common divisor of v and 121.
11
Let i be (1/2)/(2/4). Suppose -2*f + 4*f - 3*l - 5 = 0, 2*l - 10 = 0. Let y(c) = c + 1. Let p be y(f). What is the highest common divisor of p and i?
1
Let w be (-8)/44 + 312/22. Let f = 11 - 7. Suppose -4*q - f*u + 88 = 0, 3*u = 4*q - q - 60. What is the greatest common divisor of w and q?
7
Suppose -z - n = -4, -4*n - n + 5 = 2*z. Suppose -2*t = t + 5*x - 21, 0 = z*t - 5*x + 5. Calculate the highest common factor of 1 and t.
1
Let s be 21 + 273 - (-5)/1. What is the highest common divisor of s and 23?
23
Suppose -3*u + 4 = -u. Suppose -2*x - 3*x = -4*i - u, -2*x - i = -6. Calculate the highest common factor of 2 and x.
2
Suppose 2*p = 6*p - 12. Suppose 0 = -p*a - 2*a + 405. What is the highest common factor of a and 9?
9
Let t = -29 - -43. Suppose 2*h - 4*o - 180 = 0, 0 = h + 2*o - 41 - 65. What is the highest common divisor of t and h?
14
Let a be (9/6)/((-3)/(-32)). Suppose 3*x = -i + 11 + 7, 4*i = 4*x - 8. Suppose 0 = -4*w + x*w - 16. What is the highest common divisor of a and w?
16
Let s be (2/3)/(8/228). Let i = s + -8. What is the greatest common factor of i and 1?
1
Let r be (-2)/3 + 22/6. Let c = -4 - -6. Let h be ((-6)/